{"id":61,"date":"2020-01-23T18:21:52","date_gmt":"2020-01-23T18:21:52","guid":{"rendered":"https:\/\/demosites.io\/web-agency-gb\/?page_id=61"},"modified":"2024-12-19T15:32:19","modified_gmt":"2024-12-19T15:32:19","slug":"15c42-web-agency-gb-about-us","status":"publish","type":"page","link":"https:\/\/geotecat.es\/?page_id=61","title":{"rendered":"Qui som?"},"content":{"rendered":"\n<div class=\"wp-block-cover alignfull is-light\" style=\"min-height:600px;aspect-ratio:unset;\"><span aria-hidden=\"true\" class=\"wp-block-cover__background has-background-dim-100 has-background-dim\" style=\"background-color:#e1e1dd\"><\/span><div class=\"wp-block-cover__inner-container is-layout-flow wp-block-cover-is-layout-flow\">\n<div class=\"wp-block-group\"><div class=\"wp-block-group__inner-container is-layout-flow wp-block-group-is-layout-flow\">\n<div style=\"height:80px\" aria-hidden=\"true\" class=\"wp-block-spacer\"><\/div>\n\n\n\n<div class=\"wp-block-columns are-vertically-aligned-center is-layout-flex wp-container-core-columns-is-layout-9d6595d7 wp-block-columns-is-layout-flex\">\n<div class=\"wp-block-column is-vertically-aligned-center is-layout-flow wp-block-column-is-layout-flow\" style=\"flex-basis:50%\">\n<figure class=\"wp-block-image size-large\"><img loading=\"lazy\" decoding=\"async\" width=\"1024\" height=\"682\" src=\"https:\/\/geotecat.es\/wp-content\/uploads\/2022\/04\/WhatsApp-Image-2022-04-20-at-7.39.32-PM-1024x682.jpeg\" alt=\"\" class=\"wp-image-426\" srcset=\"https:\/\/geotecat.es\/wp-content\/uploads\/2022\/04\/WhatsApp-Image-2022-04-20-at-7.39.32-PM-1024x682.jpeg 1024w, https:\/\/geotecat.es\/wp-content\/uploads\/2022\/04\/WhatsApp-Image-2022-04-20-at-7.39.32-PM-300x200.jpeg 300w, https:\/\/geotecat.es\/wp-content\/uploads\/2022\/04\/WhatsApp-Image-2022-04-20-at-7.39.32-PM-768x512.jpeg 768w, https:\/\/geotecat.es\/wp-content\/uploads\/2022\/04\/WhatsApp-Image-2022-04-20-at-7.39.32-PM-1536x1023.jpeg 1536w, https:\/\/geotecat.es\/wp-content\/uploads\/2022\/04\/WhatsApp-Image-2022-04-20-at-7.39.32-PM-930x620.jpeg 930w, https:\/\/geotecat.es\/wp-content\/uploads\/2022\/04\/WhatsApp-Image-2022-04-20-at-7.39.32-PM.jpeg 1600w\" sizes=\"auto, (max-width: 1024px) 100vw, 1024px\" \/><\/figure>\n<\/div>\n\n\n\n<div class=\"wp-block-column is-vertically-aligned-center is-layout-flow wp-block-column-is-layout-flow\" style=\"flex-basis:50%\">\n<h2 class=\"wp-block-heading has-neve-text-color-color has-text-color\">Sebasti\u00e0 Monserrat<\/h2>\n\n\n\n<div class=\"wp-block-group\"><div class=\"wp-block-group__inner-container is-layout-flow wp-block-group-is-layout-flow\">\n<p class=\"has-neve-text-color-color has-text-color\" style=\"text-transform:uppercase\">Director t\u00e8cnic i coordinador de projectes (Felanitx, 1994)<\/p>\n\n\n\n<p class=\"has-neve-text-color-color has-text-color\"><strong>Graduat en Geografia<\/strong> per la Universitat de les Illes Balears, compta amb una s\u00f2lida experi\u00e8ncia en gesti\u00f3 ambiental i desenvolupament local. <\/p>\n<\/div><\/div>\n\n\n\n<p>Ha col\u00b7laborat amb la <strong>Conselleria de Medi Ambient i Territori<\/strong> en l&#8217;elaboraci\u00f3 de projectes t\u00e8cnics per l&#8217;<strong>Institut Balear de la Natura (IBANAT)<\/strong> i aporta m\u00e9s de <strong>quatre anys d&#8217;experi\u00e8ncia en assessorament <\/strong> en mat\u00e8ria de medi ambient i desenvolupament territorial, treballant conjuntament amb administracions p\u00fabliques, clients privats i altres professionals del sector per oferir solucions integrades i sostenibles.<\/p>\n<\/div>\n<\/div>\n\n\n\n<div style=\"height:40px\" aria-hidden=\"true\" class=\"wp-block-spacer\"><\/div>\n\n\n\n<p><\/p>\n<\/div><\/div>\n<\/div><\/div>\n\n\n\n<div class=\"wp-block-cover alignfull\" style=\"min-height:224px;aspect-ratio:unset;\"><span aria-hidden=\"true\" class=\"wp-block-cover__background has-nv-light-bg-background-color has-background-dim\"><\/span><img loading=\"lazy\" decoding=\"async\" width=\"2048\" height=\"1365\" class=\"wp-block-cover__image-background wp-image-328\" alt=\"\" src=\"https:\/\/geotecat.es\/wp-content\/uploads\/2021\/10\/243312174_101490665640490_5704908376914418065_n-1.jpg\" data-object-fit=\"cover\" srcset=\"https:\/\/geotecat.es\/wp-content\/uploads\/2021\/10\/243312174_101490665640490_5704908376914418065_n-1.jpg 2048w, https:\/\/geotecat.es\/wp-content\/uploads\/2021\/10\/243312174_101490665640490_5704908376914418065_n-1-300x200.jpg 300w, https:\/\/geotecat.es\/wp-content\/uploads\/2021\/10\/243312174_101490665640490_5704908376914418065_n-1-1024x683.jpg 1024w, https:\/\/geotecat.es\/wp-content\/uploads\/2021\/10\/243312174_101490665640490_5704908376914418065_n-1-768x512.jpg 768w, https:\/\/geotecat.es\/wp-content\/uploads\/2021\/10\/243312174_101490665640490_5704908376914418065_n-1-1536x1024.jpg 1536w, https:\/\/geotecat.es\/wp-content\/uploads\/2021\/10\/243312174_101490665640490_5704908376914418065_n-1-930x620.jpg 930w\" sizes=\"auto, (max-width: 2048px) 100vw, 2048px\" \/><div class=\"wp-block-cover__inner-container is-layout-flow wp-block-cover-is-layout-flow\">\n<p class=\"has-text-align-center has-large-font-size\"><\/p>\n<\/div><\/div>\n\n\n\n<p>627 40 37 36<br>C\/ Miquel del Sants Oliver, 10A<br>07200, Felanitx<br><strong>info@geotecat.es<\/strong><\/p>\n","protected":false},"excerpt":{"rendered":"<p>627 40 37 36C\/ Miquel del Sants Oliver, 10A07200, Felanitxinfo@geotecat.es<\/p>\n","protected":false},"author":1,"featured_media":0,"parent":0,"menu_order":0,"comment_status":"closed","ping_status":"closed","template":"","meta":{"om_disable_all_campaigns":false,"_monsterinsights_skip_tracking":false,"_monsterinsights_sitenote_active":false,"_monsterinsights_sitenote_note":"","_monsterinsights_sitenote_category":0,"neve_meta_sidebar":"default","neve_meta_container":"default","neve_meta_enable_content_width":"on","neve_meta_content_width":100,"neve_meta_title_alignment":"","neve_meta_author_avatar":"","neve_post_elements_order":"","neve_meta_disable_header":"","neve_meta_disable_footer":"","neve_meta_disable_title":"on","footnotes":""},"class_list":["post-61","page","type-page","status-publish","hentry"],"aioseo_notices":[],"_links":{"self":[{"href":"https:\/\/geotecat.es\/index.php?rest_route=\/wp\/v2\/pages\/61","targetHints":{"allow":["GET"]}}],"collection":[{"href":"https:\/\/geotecat.es\/index.php?rest_route=\/wp\/v2\/pages"}],"about":[{"href":"https:\/\/geotecat.es\/index.php?rest_route=\/wp\/v2\/types\/page"}],"author":[{"embeddable":true,"href":"https:\/\/geotecat.es\/index.php?rest_route=\/wp\/v2\/users\/1"}],"replies":[{"embeddable":true,"href":"https:\/\/geotecat.es\/index.php?rest_route=%2Fwp%2Fv2%2Fcomments&post=61"}],"version-history":[{"count":9,"href":"https:\/\/geotecat.es\/index.php?rest_route=\/wp\/v2\/pages\/61\/revisions"}],"predecessor-version":[{"id":481,"href":"https:\/\/geotecat.es\/index.php?rest_route=\/wp\/v2\/pages\/61\/revisions\/481"}],"wp:attachment":[{"href":"https:\/\/geotecat.es\/index.php?rest_route=%2Fwp%2Fv2%2Fmedia&parent=61"}],"curies":[{"name":"wp","href":"https:\/\/api.w.org\/{rel}","templated":true}]}}